n factor of 30 and 2985?
15
What is the greatest common factor of 164 and 779?
41
What is the greatest common factor of 1124 and 4?
4
Calculate the greatest common factor of 170 and 4165.
85
What is the greatest common divisor of 88 and 308?
44
What is the highest common factor of 1053 and 108?
27
What is the greatest common divisor of 9 and 51?
3
Calculate the greatest common divisor of 7 and 1.
1
Calculate the highest common divisor of 3774 and 153.
51
What is the highest common divisor of 3052 and 1635?
109
Calculate the highest common factor of 32 and 112.
16
What is the greatest common divisor of 10924 and 4?
4
Calculate the highest common factor of 2021 and 731.
43
Calculate the greatest common divisor of 15 and 3.
3
What is the highest common divisor of 4418 and 94?
94
What is the greatest common factor of 1408 and 128?
128
Calculate the highest common factor of 300 and 36.
12
Calculate the greatest common divisor of 928 and 32.
32
Calculate the highest common divisor of 13 and 3.
1
Calculate the highest common factor of 70 and 1505.
35
Calculate the greatest common divisor of 90 and 50.
10
What is the highest common factor of 440 and 40?
40
Calculate the highest common factor of 1350 and 3750.
150
Calculate the greatest common factor of 4830 and 21.
21
Calculate the greatest common divisor of 2 and 96.
2
What is the greatest common divisor of 4675 and 50?
25
What is the highest common divisor of 1071 and 476?
119
Calculate the highest common factor of 14 and 238.
14
Calculate the highest common factor of 384 and 2752.
64
Calculate the highest common factor of 47 and 5.
1
Calculate the greatest common factor of 195 and 65.
65
Calculate the highest common factor of 1115 and 40.
5
What is the highest common factor of 112 and 966?
14
Calculate the greatest common divisor of 1376 and 129.
43
What is the greatest common divisor of 57 and 969?
57
Calculate the greatest common divisor of 272 and 6324.
68
Calculate the greatest common factor of 56 and 104.
8
What is the highest common factor of 75008 and 16?
16
Calculate the highest common factor of 6750 and 100.
50
Calculate the highest common factor of 6 and 464.
2
What is the highest common divisor of 10 and 4525?
5
What is the highest common divisor of 413 and 9853?
59
What is the highest common divisor of 355 and 71?
71
Calculate the highest common divisor of 2196 and 18.
18
What is the greatest common divisor of 124 and 1364?
124
Calculate the greatest common factor of 5 and 4765.
5
Calculate the greatest common factor of 62865 and 90.
45
Calculate the greatest common factor of 23 and 1955.
23
What is the greatest common factor of 96 and 6432?
96
What is the highest common factor of 1529 and 88?
11
What is the highest common factor of 5989 and 1808?
113
What is the greatest common factor of 107 and 11449?
107
What is the greatest common factor of 54 and 8802?
54
What is the greatest common factor of 444 and 16132?
148
What is the highest common divisor of 148 and 60?
4
What is the highest common divisor of 30 and 6465?
15
Calculate the highest common divisor of 16 and 14.
2
Calculate the greatest common factor of 64 and 9232.
16
What is the greatest common factor of 25 and 245?
5
Calculate the greatest common divisor of 2109 and 148.
37
Calculate the greatest common factor of 3600 and 120.
120
Calculate the highest common factor of 48 and 132.
12
Calculate the highest common divisor of 1120 and 96.
32
Calculate the highest common factor of 1075 and 25.
25
What is the highest common divisor of 242 and 66?
22
Calculate the greatest common divisor of 3842 and 904.
226
What is the greatest common factor of 72 and 744?
24
Calculate the greatest common factor of 2272 and 1846.
142
What is the greatest common factor of 418 and 38?
38
What is the highest common divisor of 187 and 68?
17
What is the greatest common factor of 34 and 6766?
34
Calculate the highest common factor of 21 and 21.
21
What is the highest common divisor of 80 and 48?
16
Calculate the greatest common divisor of 40 and 464.
8
What is the greatest common divisor of 79 and 3002?
79
Calculate the greatest common factor of 52 and 338.
26
What is the highest common factor of 1485 and 1215?
135
Calculate the greatest common divisor of 1109 and 1.
1
Calculate the highest common factor of 3393 and 522.
261
What is the greatest common factor of 1288 and 224?
56
Calculate the greatest common divisor of 1630 and 10.
10
Calculate the greatest common divisor of 64907 and 47.
47
What is the highest common divisor of 880 and 2560?
80
What is the greatest common factor of 456 and 216?
24
What is the highest common divisor of 1213 and 2?
1
Calculate the greatest common factor of 42 and 26.
2
What is the highest common factor of 7 and 11?
1
What is the highest common factor of 55 and 40?
5
What is the highest common factor of 450 and 1530?
90
Calculate the highest common divisor of 4 and 37.
1
Calculate the highest common factor of 2048 and 32.
32
Calculate the greatest common factor of 477 and 265.
53
What is the greatest common divisor of 243 and 81?
81
What is the highest common divisor of 32 and 8?
8
What is the highest common factor of 615 and 6888?
123
What is the greatest common divisor of 1411 and 17?
17
What is the greatest common divisor of 7 and 35?
7
Calculate the highest common divisor of 260 and 205.
5
Calculate the highest common divisor of 7 and 182.
7
Calculate the greatest common factor of 236 and 11918.
118
What is the greatest common divisor of 130 and 40?
10
What is the highest common factor of 4656 and 144?
48
Calculate the greatest common factor of 14481 and 9.
9
What is the highest common factor of 2675 and 25?
25
Calculate the highest common factor of 1206 and 36.
18
What is the greatest common divisor of 123 and 1353?
123
What is the greatest common divisor of 495 and 407?
11
Calculate the greatest common divisor of 5143 and 74.
37
What is the highest common factor of 25 and 1325?
25
What is the greatest common factor of 91 and 2951?
13
Calculate the highest common factor of 3654 and 112.
14
Calculate the greatest common divisor of 34 and 2.
2
Calculate the highest common factor of 1210 and 5808.
242
What is the greatest common factor of 1376 and 1247?
43
What is the greatest common factor of 504 and 36?
36
Calculate the greatest common divisor of 26 and 3146.
26
Calculate the highest common divisor of 392 and 448.
56
Calculate the greatest common factor of 158 and 2370.
158
What is the highest common divisor of 50 and 9950?
50
Calculate the highest common divisor of 442 and 102.
34
Calculate the highest common factor of 12204 and 216.
108
What is the greatest common factor of 10 and 24?
2
What is the highest common factor of 13387 and 11?
11
What is the highest common divisor of 133 and 1026?
19
What is the greatest common divisor of 270 and 1341?
9
Calculate the highest common divisor of 26 and 364.
26
What is the greatest common factor of 201 and 11993?
67
Calculate the highest common divisor of 6 and 10746.
6
Calculate the highest common divisor of 56 and 133.
7
What is the highest common divisor of 308 and 14707?
77
Calculate the highest common divisor of 648 and 144.
72
What is the highest common factor of 20 and 6340?
20
Calculate the highest common factor of 3624 and 48.
24
Calculate the highest common divisor of 10609 and 721.
103
Calculate the greatest common factor of 148 and 12469.
37
Calculate the greatest common divisor of 11 and 297.
11
Calculate the greatest common factor of 221 and 1417.
13
Calculate the highest common factor of 23198 and 14.
14
What is the highest common factor of 528 and 64?
16
What is the highest common factor of 44056 and 8?
8
What is the greatest common factor of 260 and 1220?
20
Calculate the highest common divisor of 63 and 16299.
9
Calculate the highest common factor of 22 and 198.
22
What is the greatest common factor of 4805 and 1550?
155
Calculate the highest common factor of 148 and 8.
4
What is the greatest common factor of 64 and 576?
64
Calculate the greatest common divisor of 25 and 2.
1
What is the greatest common divisor of 810 and 10?
10
What is the highest common factor of 2 and 2?
2
Calculate the highest common divisor of 70 and 805.
35
Calculate the highest 